5
What is the millions digit of 4695801?
4
What is the tens digit of 3123889?
8
What is the units digit of 14351?
1
What is the thousands digit of 6912354?
2
What is the tens digit of 499664?
6
What is the hundreds digit of 1398339?
3
What is the thousands digit of 430804?
0
What is the hundreds digit of 287765?
7
What is the hundred thousands digit of 265499?
2
What is the units digit of 26856089?
9
What is the hundreds digit of 238939?
9
What is the units digit of 1010574?
4
What is the thousands digit of 89697?
9
What is the hundred thousands digit of 1491768?
4
What is the units digit of 148722?
2
What is the ten thousands digit of 16880014?
8
What is the hundreds digit of 214417?
4
What is the hundreds digit of 66115?
1
What is the hundreds digit of 1567699?
6
What is the tens digit of 12518?
1
What is the units digit of 1631714?
4
What is the hundred thousands digit of 365226?
3
What is the hundred thousands digit of 22490600?
4
What is the hundreds digit of 1008359?
3
What is the hundred thousands digit of 7927418?
9
What is the millions digit of 1814413?
1
What is the units digit of 356584?
4
What is the millions digit of 2469751?
2
What is the tens digit of 182970?
7
What is the hundred thousands digit of 37012064?
0
What is the thousands digit of 11826700?
6
What is the units digit of 3090666?
6
What is the tens digit of 7290063?
6
What is the tens digit of 126984?
8
What is the ten thousands digit of 74610?
7
What is the units digit of 344898?
8
What is the tens digit of 874790?
9
What is the units digit of 86103?
3
What is the millions digit of 9990069?
9
What is the hundreds digit of 693455?
4
What is the ten thousands digit of 2956563?
5
What is the thousands digit of 296020?
6
What is the thousands digit of 5838928?
8
What is the tens digit of 386421?
2
What is the units digit of 18319?
9
What is the units digit of 2303326?
6
What is the thousands digit of 341767?
1
What is the hundreds digit of 2624097?
0
What is the thousands digit of 1183704?
3
What is the ten thousands digit of 4716763?
1
What is the ten thousands digit of 87292?
8
What is the ten thousands digit of 5120271?
2
What is the hundred thousands digit of 5673426?
6
What is the tens digit of 101679?
7
What is the hundred thousands digit of 34329220?
3
What is the hundreds digit of 4453684?
6
What is the hundreds digit of 411076?
0
What is the hundreds digit of 46228?
2
What is the millions digit of 1616500?
1
What is the hundreds digit of 756944?
9
What is the millions digit of 8370234?
8
What is the units digit of 767688?
8
What is the hundreds digit of 3620065?
0
What is the tens digit of 108419?
1
What is the ten thousands digit of 4127061?
2
What is the tens digit of 24617791?
9
What is the thousands digit of 63261?
3
What is the ten thousands digit of 14898?
1
What is the hundreds digit of 18496956?
9
What is the units digit of 915727?
7
What is the millions digit of 18119137?
8
What is the ten thousands digit of 5309731?
0
What is the ten thousands digit of 14626750?
2
What is the ten thousands digit of 4854613?
5
What is the units digit of 1506240?
0
What is the hundreds digit of 3457129?
1
What is the millions digit of 5830556?
5
What is the tens digit of 14289747?
4
What is the millions digit of 1403657?
1
What is the units digit of 11196172?
2
What is the tens digit of 9214865?
6
What is the millions digit of 34427597?
4
What is the hundred thousands digit of 711257?
7
What is the ten millions digit of 21578738?
2
What is the hundreds digit of 26152163?
1
What is the hundred thousands digit of 8990069?
9
What is the thousands digit of 26356656?
6
What is the millions digit of 3479476?
3
What is the tens digit of 147702?
0
What is the ten thousands digit of 239652?
3
What is the tens digit of 2933254?
5
What is the tens digit of 98908?
0
What is the millions digit of 5819937?
5
What is the hundred thousands digit of 455580?
4
What is the thousands digit of 27095?
7
What is the hundreds digit of 443668?
6
What is the ten thousands digit of 897293?
9
What is the tens digit of 5069679?
7
What is the hundreds digit of 200916?
9
What is the tens digit of 14104263?
6
What is the hundreds digit of 481407?
4
What is the units digit of 362275?
5
What is the thousands digit of 2175?
2
What is the hundreds digit of 179294?
2
What is the thousands digit of 30508068?
8
What is the units digit of 1046959?
9
What is the thousands digit of 1118834?
8
What is the tens digit of 3991889?
8
What is the hundreds digit of 27429925?
9
What is the thousands digit of 1126714?
6
What is the ten millions digit of 16035018?
1
What is the hundred thousands digit of 17071508?
0
What is the units digit of 756199?
9
What is the units digit of 230119?
9
What is the ten thousands digit of 2991777?
9
What is the hundred thousands digit of 3897842?
8
What is the tens digit of 12764?
6
What is the tens digit of 1066731?
3
What is the hundred thousands digit of 460577?
4
What is the ten millions digit of 18176711?
1
What is the ten thousands digit of 1890437?
9
What is the ten thousands digit of 3623423?
2
What is the tens digit of 3687804?
0
What is the ten thousands digit of 343786?
4
What is the hundred thousands digit of 1257109?
2
What is the hundred thousands digit of 812281?
8
What is the tens digit of 19268747?
4
What is the units digit of 103623?
3
What is the thousands digit of 1529860?
9
What is the thousands digit of 308324?
8
What is the hundreds digit of 201922?
9
What is the ten thousands digit of 28411669?
1
What is the thousands digit of 65112?
5
What is the units digit of 639554?
4
What is the hundreds digit of 275099?
0
What is the hundred thousands digit of 150617?
1
What is the hundred thousands digit of 324715?
3
What is the hundreds digit of 878679?
6
What is the hundred thousands digit of 5411087?
4
What is the thousands digit of 1151863?
1
What is the hundreds digit of 9723204?
2
What is the ten thousands digit of 22243269?
4
What is the tens digit of 2998441?
4
What is the thousands digit of 1107839?
7
What is the tens digit of 479138?
3
What is the thousands digit of 96052?
6
What is the tens digit of 2562765?
6
What is the ten millions digit of 11374226?
1
What is the units digit of 2890811?
1
What is the thousands digit of 20091972?
1
What is the hundreds digit of 2904524?
5
What is the ten thousands digit of 2053793?
5
What is the thousands digit of 1496961?
6
What is the hundreds digit of 41465?
4
What is the millions digit of 13551152?
3
What is the hundreds digit of 6694478?
4
What is the thousands digit of 222351?
2
What is the millions digit of 6176888?
6
What is the ten thousands digit of 6480098?
8
What is the units digit of 9115490?
0
What is the tens digit of 1730725?
2
What is the tens digit of 4876775?
7
What is the hundred thousands digit of 222541?
2
What is the tens digit of 457262?
6
What is the millions digit of 4835429?
4
What is the thousands digit of 405653?
5
What is the hundreds digit of 258307?
3
What is the hundreds digit of 1197101?
1
What is the millions digit of 17522255?
7
What is the thousands digit of 49985?
9
What is the ten thousands digit of 1856037?
5
What is the hundreds digit of 310375?
3
What is the tens digit of 1560218?
1
What is the ten thousands digit of 12985074?
8
What is the ten thousands digit of 2447676?
4
What is the hundreds digit of 1686263?
2
What is the ten thousands digit of 1747908?
4
What is the tens digit of 551576?
7
What is the ten millions digit of 13148186?
1
What is the tens digit of 2529560?
6
What is the ten thousands digit of 13631690?
3
What is the hundred thousands digit of 870705?
8
What is the tens digit of 1286771?
7
What is the millions digit of 1744764?
1
What is the hundred thousands digit of 112276?
1
What is the thousands digit of 260912?
0
What is the hundred thousands digit of 721601?
7
What is the hundreds digit of 605431?
4
What is the units digit of 831928?
8
What is the units digit of 399507?
7
What is the ten millions digit of 12740476?
1
What is the thousands digit of 1132664?
2
What is the ten thousands digit of 589069?
8
What is the thousands digit of 129977?
9
What is the tens digit of 579493?
9
What is the tens digit of 236148?
4
What is the thousands digit of 109438?
9
What i